, -4*h = 4*y - 4 - 0. Determine g(y).
7
Let b(a) = -77*a**2 + 33*a**2 - 42*a + 37*a**2. Determine b(-6).
0
Suppose 44*k = 46*k - 2, 2*k = -5*u + 2. Let f(j) be the second derivative of -1/6*j**3 + 11*j + u - 5/2*j**2. What is f(-4)?
-1
Let y = 1 - 1. Let h(u) = -5036 - 3*u + 29*u**2 - 30*u**2 + 5027. What is h(y)?
-9
Suppose 359*d - 5*g = 355*d + 18, 0 = 2*d - 2*g - 6. Let p(q) = -q**2 + q + 5. Determine p(d).
-7
Suppose 0 = 5*t + 24 - 24. Let s(h) be the second derivative of -1/6*h**3 + 0 - 5/2*h**2 + 4*h. Determine s(t).
-5
Let j = -26 + 36. Let z(x) = -123*x**3 + 10*x**2 - 17*x - 23. Let v(a) = 86*a**3 - 6*a**2 + 12*a + 15. Let u(t) = 10*v(t) + 7*z(t). What is u(j)?
-1
Let j(c) be the third derivative of -c**4/8 - 5*c**3/3 + 1524*c**2. Calculate j(-8).
14
Let d(g) = 10*g**3 + g**2 - 10*g - 19. Let x(o) = -28*o**3 - 4*o**2 + 28*o + 57. Let r(y) = -11*d(y) - 4*x(y). What is r(-4)?
-59
Let c(u) = 17*u - 1. Let y be (-839)/(-3) + 22/(-99)*3. Let h = 278 - y. Determine c(h).
-18
Let q(f) be the third derivative of f**4/3 + f**3/6 + 1469*f**2. What is q(-2)?
-15
Suppose 0 = -3*w + 539 + 175. Suppose -w + 223 = 3*a. Let s(c) = -c**3 - 5*c**2 + 2. Calculate s(a).
2
Suppose 4*d = 5*w - 25 + 2, 5*w - 17 = d. Suppose w*y + 4*y - 35 = 0. Let h(a) = 12*a**3 - 38*a**3 + 2*a + 11*a**3 + 5 + 4*a**2 + 14*a**3. Determine h(y).
-10
Suppose -4*w - 10 = -v, 585*v - 2*w - 68 = 580*v. Let k(m) = 7*m - 103. What is k(v)?
-5
Let n be 1/(0/(-3) - (-5)/25). Let s(f) = -88 - f + 57 + 38. What is s(n)?
2
Let i(o) = 2*o**3 + 39*o**2 + 55*o + 17. Let n be i(-18). Let j(p) = -42*p - 3. What is j(n)?
39
Let z = -263 - -240. Let v(p) = -p**2 - 24*p - 15. Let y be v(z). Let n(x) = x**2 - 13*x + 10. Calculate n(y).
-30
Suppose 2*a + 47 = -5*g, 12*g + 21 = 9*g. Let j(k) = -7*k - 17. Give j(a).
25
Let u(m) = -m**3 + 5*m**2 + 5*m + 9. Let a be u(6). Let s(g) = -17*g + 2. Let r(y) = 19*y - 2. Let w(d) = -6*r(d) - 7*s(d). Give w(a).
13
Let n(f) = -f**3 + 5*f**2 + 3*f + 1. Let v = 53 - 38. Suppose 18 = 3*z + v. Let c be z - (-4 + 0/5). Calculate n(c).
16
Let c(h) be the first derivative of -h**3/3 + h**2 + 8*h - 872. Determine c(-3).
-7
Let o = -8 - -12. Let n(b) = 9*b**2 - 5*b + 6. Let c(a) = a**3 + 36*a**2 - 20*a + 25. Let x(w) = -2*c(w) + 9*n(w). What is x(o)?
0
Let l(z) = -219*z**3 + 19*z**2 - 6*z - 23. Let c(w) = 132*w**3 - 9*w**2 + 3*w + 12. Let f(q) = 5*c(q) + 3*l(q). Calculate f(-4).
3
Let t(d) = 2*d + 7. Let q be t(-5). Let r(m) = 4*m - 4. Let c(f) = 4*f - 3. Let b(n) = q*c(n) + 2*r(n). Suppose 26*u + 62*u + 53*u + 141 = 0. Determine b(u).
5
Let g = -8 + 12. Suppose -7*d + 5 + 9 = 0. Let u(n) = n**3 + 0 + 2 - d*n**2 - 29*n + 23*n. Calculate u(g).
10
Let w(z) = -3*z**2 + 2 - 2*z**2 + z**3 - 4 + 3*z. Suppose 13*y - 10*y = 39. Suppose y = 2*c + 7. Calculate w(c).
-11
Let z(m) = -m**2 - 28*m + 64. Let v = -1862 - -1864. What is z(v)?
4
Let t(x) = -803*x + 1411*x - 591*x + 504. What is t(-30)?
-6
Let n(s) be the second derivative of s**4/12 + s**3/2 - 2*s**2 - 758*s + 2. Suppose 3 = -i + 6. Suppose -19 = b - i*h - 4, 5*h = 20. Determine n(b).
-4
Let q(p) = -2*p**3 - 6*p**2 + 4*p + 4. Let b(w) = -5*w**3 - 14*w**2 + 9*w + 7. Let m(k) = 3*b(k) - 7*q(k). Calculate m(0).
-7
Let a(t) = -40*t + 69*t**2 - 28*t**2 + 63 - 98 - t**3 + 36. What is a(40)?
1
Let q(d) = -d**2 + 10*d + 1. Let p be (16/32)/((-2)/16)*-1. Determine q(p).
25
Let g be -4*(-4 - (-4 + 2/2)). Let v(t) be the first derivative of -t**4/4 + 4*t**3/3 + t**2 - 5*t - 114. Calculate v(g).
3
Let g(b) = b**2 + 8*b - 31. Let n = -1064 + 1053. What is g(n)?
2
Let c(k) = -k**2 + k + 1. Let m(l) = 3*l**2 + 6*l - 5. Let r be 17/(-34) - 7/2. Let h(y) = r*c(y) - m(y). What is h(10)?
1
Let c(h) be the first derivative of h**4/12 + 11*h**3/6 + h**2 + 75*h + 37. Let p(k) be the first derivative of c(k). What is p(-11)?
2
Suppose 32*n + 130 + 350 = 0. Let b(d) = 7*d + 23. Let q(x) = 6*x + 22. Let f(a) = -5*b(a) + 6*q(a). What is f(n)?
2
Let h(f) = 30*f**3 + 4*f + 3. Suppose -5*q - 4*x = 25, -4*x = -37*q + 40*q + 23. Determine h(q).
-31
Let o(x) = -4 - x**2 + 3879*x - 1944*x - 1942*x. Suppose 0 = g - 2 - 4. Let v be -1*10/(g/3). Determine o(v).
6
Let w(g) = g + 5 + 7 - 11. Let s(p) = -p**3 + 6*p**2 - 10*p - 10. Suppose 0*v = -d + 3*v - 13, 0 = -4*d + 5*v - 24. Let x(c) = d*s(c) - 6*w(c). Give x(5).
-1
Let w(h) = -h**2 - h + 1. Let v = -10003 + 10000. What is w(v)?
-5
Let r(u) = u**3 - 4*u**2 - 2*u + 4. Suppose -32*d - 261 = -41*d. Suppose -d*g + 72 = -5*g. Determine r(g).
-11
Let c(b) be the second derivative of b**3/3 - b**2/2 - 2064*b + 7. Let z be 0 - (1/1 + -1). Let w(o) = -o - 2. Let n be w(z). Determine c(n).
-5
Let a(r) = -r**3 + 6*r**2 - 5*r + 7. Suppose -5*l - 320 = -10*l. Suppose 33 + 45 = 4*q - 2*i, 0 = -3*q - 4*i + l. Let n = 25 - q. Give a(n).
7
Let c(l) = -2*l**3 - 13*l**2 + 17*l - 22. Let s(g) = -2*g**3 - 14*g**2 + 17*g - 24. Let k(y) = 5*c(y) - 4*s(y). What is k(-6)?
-8
Let m(w) = -w**3 - 10*w**2 + 10*w - 24. Suppose -42*l - 307 = 17*l + 342. Give m(l).
-13
Let k(n) = n**2 - 38*n + 357. Suppose -o = 5*d - 104, -10*d + 6*d = o - 83. What is k(d)?
0
Let t(m) be the third derivative of -m**6/120 + 2*m**5/15 + m**3/6 - 85*m**2. Let b(w) = -2*w**3 + 17*w**2 + 2. Let p(r) = -6*b(r) + 13*t(r). Determine p(2).
1
Let o(z) = -z**3 + 3*z**2 + 1. Let l be o(3). Let w(x) = 1 + l + 2*x + 4. Let b(a) = -2*a**3 + 93*a**2 - 375*a - 131. Let s be b(42). Calculate w(s).
-4
Let d(c) = -c**2 - 7*c - 5. Let x be 22 - (-3 - -2)/((-1)/2). Let b be 16/x + -5 - (-3)/15. Calculate d(b).
7
Suppose -5*r = -3*y + 102, 0*y = -5*y - 3*r + 136. Let t(m) = 37 - m + 2*m + y + 2*m - 89. Give t(10).
7
Let b(c) be the third derivative of c**5/15 - 11*c**4/24 - c**3/3 + 3098*c**2. Determine b(1).
-9
Let b(q) = -q**3 - 7*q**2 + 25*q + 18. Let d be (240/168)/((-2 + 58/28)*-2). Determine b(d).
68
Let k(q) = 8*q**3 - q**2. Let s = 1080 - 505. Let j = -576 + s. Determine k(j).
-9
Let u(t) = -4*t**2 + t + 2. Let l = 52 + -47. Suppose l*g = -g + 2*g. Suppose 5*c + p + 14 = g, -10 = 4*c - 5*c + 3*p. What is u(c)?
-16
Let r(u) be the third derivative of -u**4/12 + 2*u**3/3 - 1077*u**2. Give r(8).
-12
Let i(p) = -37*p**2 + 1. Let l be 110/(-15) + 5/15 + 8. Calculate i(l).
-36
Let b = 18 - 16. Suppose -b*k = -8*k + 12. Suppose -5*l - 22 = q, 4 = -2*l + q - k. Let u(d) = d**3 + 2*d**2 - 5*d - 1. Give u(l).
-13
Let v(i) = -i**2 - 4*i. Let z(n) = 20 - 51 + 15 + 12*n. Let t be z(1). Give v(t).
0
Let n(k) be the third derivative of 7*k**4/8 - k**3/6 + k**2 - 286*k. Determine n(-2).
-43
Let f = -25835/6 + 4306. Let x(q) be the second derivative of 2*q + 1/12*q**4 + 0 + f*q**3 + 1/2*q**2. What is x(-1)?
1
Let l(k) = -k**2 + 7*k - 7. Let j(u) = 23*u - 143. Let b be j(7). Suppose -150*n + b = -147*n. Give l(n).
-1
Let q(v) = v**3 - 11*v**2 - 11*v - 2. Let c(o) = -2*o**2 - 8*o**3 + 38*o + 7*o**3 - 3*o**2 + 23 + 7. Let r be c(-9). Give q(r).
10
Let g(v) = 4*v + 119. Let f be g(-29). Let n(h) = -284*h**2 + 283*h**2 - 7*h - f + h. Give n(-5).
2
Let o(l) = 28*l - 3. Let w be 15/(-9) - (-1)/(-3). Calculate o(w).
-59
Let a be ((-75)/50)/((-30)/380). Let f(m) = 8*m - 137. Give f(a).
15
Let a(l) = -l**3 - 10*l**2 - 2. Suppose 0 = 4*j + 3*p + 3232, -5*j + p = 5*p + 4039. Let v = j + 801. Determine a(v).
-2
Let d(p) be the second derivative of p**3/2 + 3*p**2/2 - 2*p + 23. Let i(k) = 5*k + 4. Let z(s) = 8*d(s) - 5*i(s). Determine z(4).
0
Let f(g) = g**2 - 170. Let b be f(0). Let p = 172 + b. Let t(c) = -c**3 - c + 0*c**2 + 2*c + 2*c**2. Calculate t(p).
2
Let y = 25 - 20. Let u(q) be the second derivative of q**3/6 + q**2 + 1299*q. Calculate u(y).
7
Let x(c) = -4*c**3 + 4*c + 4. Suppose 0 = -2*k - 6*g + 9 - 25, -4*k = 4*g + 16. Determine x(k).
28
Let w(x) be the second derivative of -17*x**3/6 + 147*x**2/2 + 4463*x. Calculate w(8).
11
Let o(l) = -11*l + 154. Let h(s) = 2*s**3 - 40*s**2 + 75*s - 40. Let m be h(18). Determine o(m).
0
Let l(f) = 61 - 36 + 76*f**2 - 12*f - 39*f**2 - 34*f**2 - 20*f**2 - f**3. What is l(-16)?
-39
Suppose 2*l = -3*i + 13, -37*i + 32*i = 3*l - 19. Let j(c) = 3*c - 2*c - c**2 + 13*c**2. Calculate j(i).
11
Let n be (24/22*(-627)/(-114))/((-3)/(-16)). Let h(o) = o**2 - 31*o - 28. Give h(n).
4
Let l(t) = -81*t + 2924. Let v be l(36). Let o(n) = -n**3 + 9*n**2 - 7*n 